. What are the prime factors of b?
5, 31
Let o be 20/3*(-26 - -182). Suppose 5*i - 1299 = 3*k - 255, 0 = -5*i + 5*k + o. What are the prime factors of i?
2, 3, 5, 7
Let y = 1857 + -1293. What are the prime factors of y?
2, 3, 47
Suppose -51*q + 23821 = -70325. List the prime factors of q.
2, 13, 71
Let i = 50 - 39. Let j(y) = y**2 - 7*y - 12. List the prime factors of j(i).
2
Suppose -181*i = -188*i + 23107. List the prime factors of i.
3301
Suppose 0*a + 8*a - 32 = 0. Suppose -3*v + 447 = -5*x, -a*v - 2*x = -3*v - 149. What are the prime factors of v?
149
Suppose -237*d = -230*d - 3976. What are the prime factors of d?
2, 71
Suppose -4*d = 2*d - 30. Suppose 9*i - 532 = d*i. What are the prime factors of i?
7, 19
Let h(f) = 2*f**2 - 10*f + 14. Let n be h(2). Suppose y = n*t - 137, t = 4*y - 5*y + 76. What are the prime factors of t?
71
Suppose 35*z - 1188 = 24*z. List the prime factors of z.
2, 3
Let u be 441/54 - (-1)/(-6). Let i = -14 + u. What are the prime factors of (-3)/i - (-102)/4?
2, 13
Let a be (20/25)/((-2)/(-940)). Suppose 6*v + a = 2*v. Let r = 157 + v. List the prime factors of r.
3, 7
Suppose -2*o + 25 = 3*w, -o + 3*w - 5 - 5 = 0. Suppose 0 = 2*f - 3*k + 103, o*f + k + 3*k = -200. Let g = -29 - f. What are the prime factors of g?
3, 5
List the prime factors of ((-5)/3)/(22/66) - -2038.
19, 107
Let u(c) = -2*c**2 + 19*c - 17. Let f be u(8). What are the prime factors of 2/f + (4 - (-96)/(-42))?
2
Let n be 2/(-8)*(-147 + 2 + -3). Suppose -n*d + 45*d = 1400. What are the prime factors of d?
5, 7
Suppose 3*f = -4*m + f + 12, 3*f = 3*m - 9. Suppose 7*w - m*w = 40. List the prime factors of w.
2, 5
Suppose -n + 0*r = -4*r - 505, -955 = -2*n - 3*r. List the prime factors of n.
5, 97
Let r(t) = -2*t**2 + 6*t + 2. Let s be r(3). Suppose 0*p + 3*d - 22 = -s*p, -10 = 2*p - 5*d. Suppose p*h - 61 - 59 = 0. What are the prime factors of h?
2, 3
Let x(k) = 2*k**2 - 25*k - 27. List the prime factors of x(25).
2, 13, 23
Suppose -f - 58 - 8 = 0. Suppose 4*c - 13*c + 990 = 0. Let o = c + f. List the prime factors of o.
2, 11
Let o be 2/(-2) - (-15 - -12). Suppose 0*f = o*f - x - 199, -2*x = -10. Let l = f - 53. What are the prime factors of l?
7
Let i(o) = -o**2 - 11*o + 18. Let w(g) = -5*g - 1. Let u be w(3). Let b be (u/4 - 3) + -3. List the prime factors of i(b).
2, 7
Let i be (3/6*-18)/(-1). Suppose 6*a - i*a - 505 = -2*m, 5*m = -3*a + 1252. List the prime factors of m.
251
Let h(s) = s**2 - 3*s + 47. What are the prime factors of h(0)?
47
Suppose -4*k - 3*u = -4*u - 254, 2*k - 124 = -u. Suppose 0 = w - 103 + k. List the prime factors of w.
2, 5
Suppose -17*g = 4435 + 6377. What are the prime factors of 1 - (g/3 - (-2 - -6))?
7, 31
Let w(c) = c**3 + c**2 + 3. Let u be w(0). Let s(y) = -4*y**2 + 3*y + 3. Let f be s(u). What are the prime factors of f/(-4) + 3 + 1?
2, 5
What are the prime factors of (-1)/(366/4771 + 62/(-806))?
13, 367
Let r = 31 - 58. Let a = 51 + r. List the prime factors of a.
2, 3
Let i = -1386 - -2733. What are the prime factors of i?
3, 449
Let l = 4588 + -2718. What are the prime factors of l?
2, 5, 11, 17
Suppose -3*i - 110 = -14*i. List the prime factors of i.
2, 5
Suppose 3*u = -2*i + 3983, 3*i + u = 6*i - 5958. List the prime factors of i.
1987
Let q(y) = -y**3 - 6*y**2 - 8*y + 3. Suppose -3*a - 2*w = 6 + 20, -2*a + 2*w - 4 = 0. Let n be q(a). Let j = n - 29. What are the prime factors of j?
2, 11
Suppose -2*l - 2*y + 7064 = 0, -2*l - 3007 = y - 10073. List the prime factors of l.
2, 3, 19, 31
Let g(u) = -u**3 + 14*u**2 - 4*u + 9. Let b be g(14). Let h = -44 - b. List the prime factors of h.
3
Let f(w) = w + 4*w - w**3 + 10 - 6*w + 8*w**2 - 7*w. Let g be f(7). Suppose -g*a = -39 - 36. What are the prime factors of a?
5
What are the prime factors of -4 + 2526*(-9)/(-27)?
2, 419
Let d(z) = -10*z**3 + 2*z + 1. Let a(y) = -y**3 + 10*y**2 - 9*y - 6. Let t be a(9). Let q = -7 - t. What are the prime factors of d(q)?
3
Let n(q) = -q**2 + q + 10. Let g be n(0). Let a = g - 11. Let i(m) = -38*m - 1. What are the prime factors of i(a)?
37
Let y(o) = -o**3 + o**2 - 2*o - 39. Let l be y(0). Let n = l + 76. List the prime factors of n.
37
Suppose 86 = -3*u - 2*x, 5*x = -5*u + 3*x - 138. Let f = -6 + 8. What are the prime factors of 2 - (f + u)/4?
2
Let d be 3/4*(-40)/(-15). What are the prime factors of (9 + -10)/(d/(-82))?
41
Let k(s) = 5*s**2 + 12*s + 2. Let d be k(-14). Suppose 2*t = 13*t - d. What are the prime factors of t?
2, 37
Let j(f) = 7*f - 51. Suppose 0 = -x + 4*l + 18, -5*l = -3*x - 4*l + 54. What are the prime factors of j(x)?
3, 5
Let y(i) = 12*i**3 + 4*i**2 - i + 23. List the prime factors of y(6).
2753
Let z = -17 - -24. Let l be (-2)/z - (-259)/49. Suppose 44 = l*v - 31. What are the prime factors of v?
3, 5
Let b = -361 - -899. What are the prime factors of b?
2, 269
Suppose 3*p - 2647 = -p - 3*x, 2*p + 3*x = 1319. Suppose -10*v = -14*v + p. What are the prime factors of v?
2, 83
Suppose 0 = -2*b + 13 - 5. Suppose 0 = -o - o - 5*u - 47, -b*o - 5*u - 119 = 0. Let c = o - -68. List the prime factors of c.
2
List the prime factors of (391/(-4))/((-2)/8*1).
17, 23
Let p = 769 + -55. Let z = -401 + p. List the prime factors of z.
313
Let m = -1213 - -1685. What are the prime factors of m?
2, 59
Suppose 0 = -w - 5, -3*q - q + 112 = 4*w. Let t(v) = -v**2 + 5*v - 2. Let a be t(3). Suppose a*l = -q + 221. What are the prime factors of l?
47
Let x = -301 + 866. What are the prime factors of x?
5, 113
Let v(z) = 183*z - 168. What are the prime factors of v(4)?
2, 3, 47
Let f(o) = o + 2858. What are the prime factors of f(0)?
2, 1429
Let c = 14 + -12. Suppose 2*g - 32 = -m, -4*g + m = -c*m - 54. Suppose r + 2 = g. List the prime factors of r.
13
List the prime factors of (10025/75)/(2/6).
401
Let z(v) = -v**3 + 16*v**2 + 16*v + 21. Let f be z(17). Suppose 4 = -2*b, -2*h - 3*h + 618 = -f*b. What are the prime factors of h?
2, 61
Let m be -2 + (-3 - (-49 + 0)). Suppose 3*q + 35 = -4*z, 0*q - 2*z = q + 13. Let u = q + m. List the prime factors of u.
5, 7
Let j(s) = 25*s**2 - 12*s - 10. Let b be j(7). Suppose u - 752 = -2*w, 3*w + 3*u = -0*u + b. What are the prime factors of w/(-1 + 6)*1?
3, 5
Suppose 5*z + 4*l - 3 = -1, 5*l = -4*z - 2. Suppose -2*i = 2*h + 262, 385 = -3*i + h - z*h. Let v = i + 178. List the prime factors of v.
3, 17
Let g = 7 - -2. Let v be 18/(-81) + 38/g. List the prime factors of 6 + -4*v/(-16).
7
Let f(h) = 10*h**2 - 31*h + 29. List the prime factors of f(13).
2, 7, 47
List the prime factors of (-390)/(-14) + (189/(-49) - -4).
2, 7
Suppose -654 = -2*d - 0*d + 4*i, d - 3*i = 329. List the prime factors of d.
17, 19
Let w be 0 + 1/(-1) + 3. Let r be (w/(-1))/(8/28). What are the prime factors of 3 - r/(7/3)?
2, 3
Let b(g) = -g**3 - 5*g**2 - 7*g - 4. Let c be -1 + -3 + (-3 - -3). Let q be b(c). List the prime factors of 108/(-3)*(-4)/q.
2, 3
Suppose 697 + 1844 = 7*g. List the prime factors of g.
3, 11
Suppose 65 = 5*x + 4*a, 4*x + a - 35 = 17. Suppose -9*n - 56 = -x*n. Suppose 22 = 2*w + 3*s - 8, -n = -2*w + s. List the prime factors of w.
3
Let q be 2*(14 - 3)*2. Suppose -5*f - g + 3 = -q, -g - 43 = -5*f. Suppose -a - 2*t = -f - 6, -5*a = 3*t - 82. List the prime factors of a.
17
Let g(j) be the second derivative of -4*j**3/3 + 11*j**2 + 9*j. What are the prime factors of g(-5)?
2, 31
Let b = 672 - 184. What are the prime factors of b?
2, 61
Let m = 231 + -103. Suppose -m = -4*g - 12. List the prime factors of g.
29
Let d(t) be the first derivative of 2*t**2 + 2*t - 2. Let f be d(4). Suppose -f = 5*g - 7*g. What are the prime factors of g?
3
Let k(b) = -4*b + 2. Let j(r) = -r + 1. Let g(u) = 8*j(u) - k(u). What are the prime factors of g(-11)?
2, 5
Let a be (-526)/(-3)*21/14. Suppose -a - 517 = -3*b - 4*q, -2*b + 506 = -2*q. List the prime factors of b.
2
Let c(o) = 3 - 6 - 3*o**2 + 4*o**2 + 11*o. Let l be c(-12). List the prime factors of ((-4)/(-6))/(1/l).
2, 3
Let h = 125 + -121. Suppose h*k = 3*v + 298, 0 = -5*k - 5*v + 203 + 187. What are the prime factors of k?
2, 19
Suppose j - 281 + 2 = 0. What are the prime factors of j?
3, 31
Let v(m) = -m**3 + 16*m**2 - 15*m - 2. Let u be v(15). List the prime factors of ((-3794)/5)/(-7) + u/5.
2, 3
Let m(n) = -14*n**3 + 2*n**2 + n - 1. List the prime facto